{"id":993,"date":"2024-10-10T08:21:37","date_gmt":"2024-10-10T08:21:37","guid":{"rendered":"https:\/\/vut.ac.za\/?page_id=993"},"modified":"2026-02-09T10:49:46","modified_gmt":"2026-02-09T10:49:46","slug":"partnerships","status":"publish","type":"page","link":"https:\/\/vut.ac.za\/nso\/partnerships\/","title":{"rendered":"Ba\u0161omi\u0161animmogo"},"content":{"rendered":"<div data-elementor-type=\"wp-page\" data-elementor-id=\"993\" class=\"elementor elementor-993\" data-elementor-post-type=\"page\">\n\t\t\t\t<div class=\"elementor-element elementor-element-28809baa e-con-full e-flex e-con e-parent\" data-id=\"28809baa\" data-element_type=\"container\" data-e-type=\"container\" data-settings=\"{&quot;background_background&quot;:&quot;classic&quot;}\">\n\t\t<div class=\"elementor-element elementor-element-5c86b887 e-con-full e-flex e-con e-child\" data-id=\"5c86b887\" data-element_type=\"container\" data-e-type=\"container\" data-settings=\"{&quot;background_background&quot;:&quot;classic&quot;}\">\n\t\t\t\t<div class=\"elementor-element elementor-element-6bac7c1 elementor-widget elementor-widget-heading\" data-id=\"6bac7c1\" data-element_type=\"widget\" data-e-type=\"widget\" data-widget_type=\"heading.default\">\n\t\t\t\t<div class=\"elementor-widget-container\">\n\t\t\t\t\t<h2 class=\"elementor-heading-title elementor-size-default\">Ba\u0161omi\u0161animmogo<\/h2>\t\t\t\t<\/div>\n\t\t\t\t<\/div>\n\t\t\t\t<div class=\"elementor-element elementor-element-52fd642f elementor-widget elementor-widget-text-editor\" data-id=\"52fd642f\" data-element_type=\"widget\" data-e-type=\"widget\" data-widget_type=\"text-editor.default\">\n\t\t\t\t<div class=\"elementor-widget-container\">\n\t\t\t\t\t\t\t\t\t<p>E laet\u0161a maitapi\u0161o a tiri\u0161ano a setheo le mekgatlo ye ment\u0161i ya ka ntle<\/p>\t\t\t\t\t\t\t\t<\/div>\n\t\t\t\t<\/div>\n\t\t\t\t<\/div>\n\t\t<div class=\"elementor-element elementor-element-1dfc56d e-con-full e-flex e-con e-child\" data-id=\"1dfc56d\" data-element_type=\"container\" data-e-type=\"container\">\n\t\t\t\t<\/div>\n\t\t\t\t<\/div>\n\t\t<div class=\"elementor-element elementor-element-4bd2290d e-flex e-con-boxed e-con e-parent\" data-id=\"4bd2290d\" data-element_type=\"container\" data-e-type=\"container\">\n\t\t\t\t\t<div class=\"e-con-inner\">\n\t\t<div class=\"elementor-element elementor-element-118f43ef e-con-full e-flex e-con e-child\" data-id=\"118f43ef\" data-element_type=\"container\" data-e-type=\"container\">\n\t\t\t\t<div class=\"elementor-element elementor-element-690a8566 elementor-widget elementor-widget-heading\" data-id=\"690a8566\" data-element_type=\"widget\" data-e-type=\"widget\" data-widget_type=\"heading.default\">\n\t\t\t\t<div class=\"elementor-widget-container\">\n\t\t\t\t\t<h2 class=\"elementor-heading-title elementor-size-default\">Maano a Badiri\u0161animmogo<\/h2>\t\t\t\t<\/div>\n\t\t\t\t<\/div>\n\t\t\t\t<div class=\"elementor-element elementor-element-2aad0bdd elementor-widget-divider--view-line elementor-widget elementor-widget-divider\" data-id=\"2aad0bdd\" data-element_type=\"widget\" data-e-type=\"widget\" data-widget_type=\"divider.default\">\n\t\t\t\t<div class=\"elementor-widget-container\">\n\t\t\t\t\t\t\t<div class=\"elementor-divider\">\n\t\t\t<span class=\"elementor-divider-separator\">\n\t\t\t\t\t\t<\/span>\n\t\t<\/div>\n\t\t\t\t\t\t<\/div>\n\t\t\t\t<\/div>\n\t\t\t\t<div class=\"elementor-element elementor-element-55d3cf31 elementor-widget elementor-widget-text-editor\" data-id=\"55d3cf31\" data-element_type=\"widget\" data-e-type=\"widget\" data-widget_type=\"text-editor.default\">\n\t\t\t\t<div class=\"elementor-widget-container\">\n\t\t\t\t\t\t\t\t\t<p>Karolo ye e laet\u0161a maitapi\u0161o a tiri\u0161ano a setheo le mekgatlo ye ment\u0161i ya ka ntle, go akaret\u0161wa diintasteri, mekgatlo yeo e sa dirego poelo, ditheo t\u0161a thuto, le ditheo t\u0161a mmu\u0161o.<\/p>\t\t\t\t\t\t\t\t<\/div>\n\t\t\t\t<\/div>\n\t\t\t\t<\/div>\n\t\t\t\t\t<\/div>\n\t\t\t\t<\/div>\n\t\t<div class=\"elementor-element elementor-element-27f18ca8 e-flex e-con-boxed e-con e-parent\" data-id=\"27f18ca8\" data-element_type=\"container\" data-e-type=\"container\" data-settings=\"{&quot;background_background&quot;:&quot;classic&quot;}\">\n\t\t\t\t\t<div class=\"e-con-inner\">\n\t\t<div class=\"elementor-element elementor-element-433cd01b e-con-full e-flex e-con e-child\" data-id=\"433cd01b\" data-element_type=\"container\" data-e-type=\"container\">\n\t\t\t\t<div class=\"elementor-element elementor-element-57c36850 elementor-widget elementor-widget-heading\" data-id=\"57c36850\" data-element_type=\"widget\" data-e-type=\"widget\" data-widget_type=\"heading.default\">\n\t\t\t\t<div class=\"elementor-widget-container\">\n\t\t\t\t\t<h2 class=\"elementor-heading-title elementor-size-default\"><br>Technological Higher Education Network SA<br><\/h2>\t\t\t\t<\/div>\n\t\t\t\t<\/div>\n\t\t\t\t<div class=\"elementor-element elementor-element-c3ff209 elementor-widget elementor-widget-image\" data-id=\"c3ff209\" data-element_type=\"widget\" data-e-type=\"widget\" data-widget_type=\"image.default\">\n\t\t\t\t<div class=\"elementor-widget-container\">\n\t\t\t\t\t\t\t\t\t\t\t\t\t\t\t\t<a href=\"https:\/\/thensa.co.za\/\">\n\t\t\t\t\t\t\t<img decoding=\"async\" width=\"270\" height=\"97\" src=\"https:\/\/vut.ac.za\/wp-content\/uploads\/2024\/10\/Thensa_Logo_1X.png\" class=\"attachment-medium size-medium wp-image-1994\" alt=\"\" title=\"Thensa_Logo_1X \u2013 Vaal University of Technology\" \/>\t\t\t\t\t\t\t\t<\/a>\n\t\t\t\t\t\t\t\t\t\t\t\t\t\t\t<\/div>\n\t\t\t\t<\/div>\n\t\t\t\t<\/div>\n\t\t<div class=\"elementor-element elementor-element-1bcd343 e-con-full e-flex e-con e-child\" data-id=\"1bcd343\" data-element_type=\"container\" data-e-type=\"container\">\n\t\t\t\t<div class=\"elementor-element elementor-element-ca57cb8 elementor-widget elementor-widget-heading\" data-id=\"ca57cb8\" data-element_type=\"widget\" data-e-type=\"widget\" data-widget_type=\"heading.default\">\n\t\t\t\t<div class=\"elementor-widget-container\">\n\t\t\t\t\t<h2 class=\"elementor-heading-title elementor-size-default\"><br>National Research Foundation<br><\/h2>\t\t\t\t<\/div>\n\t\t\t\t<\/div>\n\t\t\t\t<div class=\"elementor-element elementor-element-3af2244 elementor-widget elementor-widget-image\" data-id=\"3af2244\" data-element_type=\"widget\" data-e-type=\"widget\" data-widget_type=\"image.default\">\n\t\t\t\t<div class=\"elementor-widget-container\">\n\t\t\t\t\t\t\t\t\t\t\t\t\t\t\t\t<a href=\"https:\/\/www.nrf.ac.za\/\">\n\t\t\t\t\t\t\t<img decoding=\"async\" width=\"300\" height=\"121\" src=\"https:\/\/vut.ac.za\/wp-content\/uploads\/2024\/10\/NRF-300x121.png\" class=\"attachment-medium size-medium wp-image-2001\" alt=\"\" srcset=\"https:\/\/vut.ac.za\/wp-content\/uploads\/2024\/10\/NRF-300x121.png 300w, https:\/\/vut.ac.za\/wp-content\/uploads\/2024\/10\/NRF-768x310.png 768w, https:\/\/vut.ac.za\/wp-content\/uploads\/2024\/10\/NRF.png 1000w\" sizes=\"(max-width: 300px) 100vw, 300px\" title=\"NRF \u2013 Vaal University of Technology\" \/>\t\t\t\t\t\t\t\t<\/a>\n\t\t\t\t\t\t\t\t\t\t\t\t\t\t\t<\/div>\n\t\t\t\t<\/div>\n\t\t\t\t<\/div>\n\t\t<div class=\"elementor-element elementor-element-0766e9d e-con-full e-flex e-con e-child\" data-id=\"0766e9d\" data-element_type=\"container\" data-e-type=\"container\">\n\t\t\t\t<div class=\"elementor-element elementor-element-f13afc8 elementor-widget elementor-widget-heading\" data-id=\"f13afc8\" data-element_type=\"widget\" data-e-type=\"widget\" data-widget_type=\"heading.default\">\n\t\t\t\t<div class=\"elementor-widget-container\">\n\t\t\t\t\t<h2 class=\"elementor-heading-title elementor-size-default\"><br>Higher Education &amp; Training<br><\/h2>\t\t\t\t<\/div>\n\t\t\t\t<\/div>\n\t\t\t\t<div class=\"elementor-element elementor-element-78c4fb9 elementor-widget elementor-widget-image\" data-id=\"78c4fb9\" data-element_type=\"widget\" data-e-type=\"widget\" data-widget_type=\"image.default\">\n\t\t\t\t<div class=\"elementor-widget-container\">\n\t\t\t\t\t\t\t\t\t\t\t\t\t\t\t\t<a href=\"https:\/\/www.dhet.gov.za\/\">\n\t\t\t\t\t\t\t<img decoding=\"async\" width=\"300\" height=\"110\" src=\"https:\/\/vut.ac.za\/wp-content\/uploads\/2024\/10\/footer_1-300x110.png\" class=\"attachment-medium size-medium wp-image-1991\" alt=\"\" srcset=\"https:\/\/vut.ac.za\/wp-content\/uploads\/2024\/10\/footer_1-300x110.png 300w, https:\/\/vut.ac.za\/wp-content\/uploads\/2024\/10\/footer_1-1024x377.png 1024w, https:\/\/vut.ac.za\/wp-content\/uploads\/2024\/10\/footer_1-768x283.png 768w, https:\/\/vut.ac.za\/wp-content\/uploads\/2024\/10\/footer_1-1536x565.png 1536w, https:\/\/vut.ac.za\/wp-content\/uploads\/2024\/10\/footer_1-2048x754.png 2048w\" sizes=\"(max-width: 300px) 100vw, 300px\" title=\"footer_1 \u2013 Vaal University of Technology\" \/>\t\t\t\t\t\t\t\t<\/a>\n\t\t\t\t\t\t\t\t\t\t\t\t\t\t\t<\/div>\n\t\t\t\t<\/div>\n\t\t\t\t<\/div>\n\t\t<div class=\"elementor-element elementor-element-102a628b e-con-full e-flex e-con e-child\" data-id=\"102a628b\" data-element_type=\"container\" data-e-type=\"container\">\n\t\t\t\t<div class=\"elementor-element elementor-element-7fde8cf4 elementor-widget elementor-widget-heading\" data-id=\"7fde8cf4\" data-element_type=\"widget\" data-e-type=\"widget\" data-widget_type=\"heading.default\">\n\t\t\t\t<div class=\"elementor-widget-container\">\n\t\t\t\t\t<h2 class=\"elementor-heading-title elementor-size-default\"><br>Universities South Africa<br><\/h2>\t\t\t\t<\/div>\n\t\t\t\t<\/div>\n\t\t\t\t<div class=\"elementor-element elementor-element-35ded5e elementor-widget elementor-widget-image\" data-id=\"35ded5e\" data-element_type=\"widget\" data-e-type=\"widget\" data-widget_type=\"image.default\">\n\t\t\t\t<div class=\"elementor-widget-container\">\n\t\t\t\t\t\t\t\t\t\t\t\t\t\t\t\t<a href=\"https:\/\/usaf.ac.za\/\">\n\t\t\t\t\t\t\t<img loading=\"lazy\" decoding=\"async\" width=\"150\" height=\"150\" src=\"https:\/\/vut.ac.za\/wp-content\/uploads\/2024\/10\/Universities-South-Africa-150x150.png\" class=\"attachment-thumbnail size-thumbnail wp-image-2000\" alt=\"\" srcset=\"https:\/\/vut.ac.za\/wp-content\/uploads\/2024\/10\/Universities-South-Africa-150x150.png 150w, https:\/\/vut.ac.za\/wp-content\/uploads\/2024\/10\/Universities-South-Africa-300x300.png 300w, https:\/\/vut.ac.za\/wp-content\/uploads\/2024\/10\/Universities-South-Africa-1024x1024.png 1024w, https:\/\/vut.ac.za\/wp-content\/uploads\/2024\/10\/Universities-South-Africa-768x768.png 768w, https:\/\/vut.ac.za\/wp-content\/uploads\/2024\/10\/Universities-South-Africa.png 1476w\" sizes=\"(max-width: 150px) 100vw, 150px\" title=\"Universities-South-Africa \u2013 Vaal University of Technology\" \/>\t\t\t\t\t\t\t\t<\/a>\n\t\t\t\t\t\t\t\t\t\t\t\t\t\t\t<\/div>\n\t\t\t\t<\/div>\n\t\t\t\t<\/div>\n\t\t\t\t\t<\/div>\n\t\t\t\t<\/div>\n\t\t<div class=\"elementor-element elementor-element-6f2cc5b e-flex e-con-boxed e-con e-parent\" data-id=\"6f2cc5b\" data-element_type=\"container\" data-e-type=\"container\" data-settings=\"{&quot;background_background&quot;:&quot;classic&quot;}\">\n\t\t\t\t\t<div class=\"e-con-inner\">\n\t\t<div class=\"elementor-element elementor-element-ef14242 e-con-full e-flex e-con e-child\" data-id=\"ef14242\" data-element_type=\"container\" data-e-type=\"container\">\n\t\t\t\t<div class=\"elementor-element elementor-element-e02652c elementor-widget elementor-widget-heading\" data-id=\"e02652c\" data-element_type=\"widget\" data-e-type=\"widget\" data-widget_type=\"heading.default\">\n\t\t\t\t<div class=\"elementor-widget-container\">\n\t\t\t\t\t<h2 class=\"elementor-heading-title elementor-size-default\"><br>Innovation Hub<\/h2>\t\t\t\t<\/div>\n\t\t\t\t<\/div>\n\t\t\t\t<\/div>\n\t\t<div class=\"elementor-element elementor-element-9625b31 e-con-full e-flex e-con e-child\" data-id=\"9625b31\" data-element_type=\"container\" data-e-type=\"container\">\n\t\t\t\t<div class=\"elementor-element elementor-element-d592357 elementor-widget elementor-widget-heading\" data-id=\"d592357\" data-element_type=\"widget\" data-e-type=\"widget\" data-widget_type=\"heading.default\">\n\t\t\t\t<div class=\"elementor-widget-container\">\n\t\t\t\t\t<h2 class=\"elementor-heading-title elementor-size-default\"><a href=\"https:\/\/www.saqa.org.za\/\"><br>South African Quality Assurance<\/a><\/h2>\t\t\t\t<\/div>\n\t\t\t\t<\/div>\n\t\t\t\t<div class=\"elementor-element elementor-element-ce6d7b8 elementor-widget elementor-widget-image\" data-id=\"ce6d7b8\" data-element_type=\"widget\" data-e-type=\"widget\" data-widget_type=\"image.default\">\n\t\t\t\t<div class=\"elementor-widget-container\">\n\t\t\t\t\t\t\t\t\t\t\t\t\t\t\t\t<a href=\"https:\/\/www.nrf.ac.za\/\">\n\t\t\t\t\t\t\t<img loading=\"lazy\" decoding=\"async\" width=\"300\" height=\"152\" src=\"https:\/\/vut.ac.za\/wp-content\/uploads\/2024\/12\/saqa-300x152.png\" class=\"attachment-medium size-medium wp-image-13901\" alt=\"saqa\" srcset=\"https:\/\/vut.ac.za\/wp-content\/uploads\/2024\/12\/saqa-300x152.png 300w, https:\/\/vut.ac.za\/wp-content\/uploads\/2024\/12\/saqa.png 346w\" sizes=\"(max-width: 300px) 100vw, 300px\" title=\" \u2013 Vaal University of Technology\" \/>\t\t\t\t\t\t\t\t<\/a>\n\t\t\t\t\t\t\t\t\t\t\t\t\t\t\t<\/div>\n\t\t\t\t<\/div>\n\t\t\t\t<\/div>\n\t\t<div class=\"elementor-element elementor-element-bf6404a e-con-full e-flex e-con e-child\" data-id=\"bf6404a\" data-element_type=\"container\" data-e-type=\"container\">\n\t\t\t\t<div class=\"elementor-element elementor-element-ac1dea5 elementor-widget elementor-widget-heading\" data-id=\"ac1dea5\" data-element_type=\"widget\" data-e-type=\"widget\" data-widget_type=\"heading.default\">\n\t\t\t\t<div class=\"elementor-widget-container\">\n\t\t\t\t\t<h2 class=\"elementor-heading-title elementor-size-default\"><br>Professional Bodies<\/h2>\t\t\t\t<\/div>\n\t\t\t\t<\/div>\n\t\t\t\t<\/div>\n\t\t<div class=\"elementor-element elementor-element-bc170f6 e-con-full e-flex e-con e-child\" data-id=\"bc170f6\" data-element_type=\"container\" data-e-type=\"container\">\n\t\t\t\t<\/div>\n\t\t\t\t\t<\/div>\n\t\t\t\t<\/div>\n\t\t<div class=\"elementor-element elementor-element-30500ce6 e-flex e-con-boxed e-con e-parent\" data-id=\"30500ce6\" data-element_type=\"container\" data-e-type=\"container\" data-settings=\"{&quot;background_background&quot;:&quot;classic&quot;}\">\n\t\t\t\t\t<div class=\"e-con-inner\">\n\t\t<div class=\"elementor-element elementor-element-2468ede1 e-con-full e-flex e-con e-child\" data-id=\"2468ede1\" data-element_type=\"container\" data-e-type=\"container\" data-settings=\"{&quot;background_background&quot;:&quot;classic&quot;}\">\n\t\t\t\t<div class=\"elementor-element elementor-element-1e1c60d4 elementor-widget elementor-widget-heading\" data-id=\"1e1c60d4\" data-element_type=\"widget\" data-e-type=\"widget\" data-widget_type=\"heading.default\">\n\t\t\t\t<div class=\"elementor-widget-container\">\n\t\t\t\t\t<h2 class=\"elementor-heading-title elementor-size-default\">Thekgo ya t\u0161helete<\/h2>\t\t\t\t<\/div>\n\t\t\t\t<\/div>\n\t\t\t\t<div class=\"elementor-element elementor-element-67a405d5 elementor-widget-divider--view-line elementor-widget elementor-widget-divider\" data-id=\"67a405d5\" data-element_type=\"widget\" data-e-type=\"widget\" data-widget_type=\"divider.default\">\n\t\t\t\t<div class=\"elementor-widget-container\">\n\t\t\t\t\t\t\t<div class=\"elementor-divider\">\n\t\t\t<span class=\"elementor-divider-separator\">\n\t\t\t\t\t\t<\/span>\n\t\t<\/div>\n\t\t\t\t\t\t<\/div>\n\t\t\t\t<\/div>\n\t\t\t\t<\/div>\n\t\t\t\t\t<\/div>\n\t\t\t\t<\/div>\n\t\t<div class=\"elementor-element elementor-element-0881b6f e-flex e-con-boxed e-con e-parent\" data-id=\"0881b6f\" data-element_type=\"container\" data-e-type=\"container\" data-settings=\"{&quot;background_background&quot;:&quot;classic&quot;}\">\n\t\t\t\t\t<div class=\"e-con-inner\">\n\t\t<div class=\"elementor-element elementor-element-82dfe77 e-con-full e-flex e-con e-child\" data-id=\"82dfe77\" data-element_type=\"container\" data-e-type=\"container\">\n\t\t\t\t<div class=\"elementor-element elementor-element-bdb04f0 elementor-widget elementor-widget-image\" data-id=\"bdb04f0\" data-element_type=\"widget\" data-e-type=\"widget\" data-widget_type=\"image.default\">\n\t\t\t\t<div class=\"elementor-widget-container\">\n\t\t\t\t\t\t\t\t\t\t\t\t\t\t\t\t<a href=\"https:\/\/yesimadesigner.com\/\">\n\t\t\t\t\t\t\t<img loading=\"lazy\" decoding=\"async\" width=\"300\" height=\"97\" src=\"https:\/\/vut.ac.za\/wp-content\/uploads\/2025\/02\/vaal_banner-300x97.jpg\" class=\"attachment-medium size-medium wp-image-19263\" alt=\"Yes I am a Designer\" srcset=\"https:\/\/vut.ac.za\/wp-content\/uploads\/2025\/02\/vaal_banner-300x97.jpg 300w, https:\/\/vut.ac.za\/wp-content\/uploads\/2025\/02\/vaal_banner-18x6.jpg 18w, https:\/\/vut.ac.za\/wp-content\/uploads\/2025\/02\/vaal_banner.jpg 550w\" sizes=\"(max-width: 300px) 100vw, 300px\" title=\" \u2013 Vaal University of Technology\" \/>\t\t\t\t\t\t\t\t<\/a>\n\t\t\t\t\t\t\t\t\t\t\t\t\t\t\t<\/div>\n\t\t\t\t<\/div>\n\t\t\t\t<div class=\"elementor-element elementor-element-128bda2 elementor-widget elementor-widget-heading\" data-id=\"128bda2\" data-element_type=\"widget\" data-e-type=\"widget\" data-widget_type=\"heading.default\">\n\t\t\t\t<div class=\"elementor-widget-container\">\n\t\t\t\t\t<h2 class=\"elementor-heading-title elementor-size-default\"><a href=\"#elementor-action%3Aaction%3Dpopup%3Aopen%26settings%3DeyJpZCI6IjE5Mjg2IiwidG9nZ2xlIjpmYWxzZX0%3D\">International business partner applauds VUT graphic design sections values and dedication to our students<\/a><\/h2>\t\t\t\t<\/div>\n\t\t\t\t<\/div>\n\t\t\t\t<\/div>\n\t\t<div class=\"elementor-element elementor-element-2c03430 e-con-full e-flex e-con e-child\" data-id=\"2c03430\" data-element_type=\"container\" data-e-type=\"container\">\n\t\t\t\t<\/div>\n\t\t\t\t\t<\/div>\n\t\t\t\t<\/div>\n\t\t\t\t<\/div>","protected":false},"excerpt":{"rendered":"<p>Partnerships Highlights the institution&#8217;s collaborative efforts with a wide range of external organizations Strategic Partnerships This section highlights the institution&#8217;s [&hellip;]<\/p>\n","protected":false},"author":5,"featured_media":0,"parent":0,"menu_order":0,"comment_status":"closed","ping_status":"closed","template":"","meta":{"site-sidebar-layout":"no-sidebar","site-content-layout":"","ast-site-content-layout":"full-width-container","site-content-style":"default","site-sidebar-style":"default","ast-global-header-display":"","ast-banner-title-visibility":"","ast-main-header-display":"","ast-hfb-above-header-display":"","ast-hfb-below-header-display":"","ast-hfb-mobile-header-display":"","site-post-title":"disabled","ast-breadcrumbs-content":"","ast-featured-img":"disabled","footer-sml-layout":"","ast-disable-related-posts":"","theme-transparent-header-meta":"","adv-header-id-meta":"","stick-header-meta":"","header-above-stick-meta":"","header-main-stick-meta":"","header-below-stick-meta":"","astra-migrate-meta-layouts":"default","ast-page-background-enabled":"default","ast-page-background-meta":{"desktop":{"background-color":"var(--ast-global-color-4)","background-image":"","background-repeat":"repeat","background-position":"center center","background-size":"auto","background-attachment":"scroll","background-type":"","background-media":"","overlay-type":"","overlay-color":"","overlay-opacity":"","overlay-gradient":""},"tablet":{"background-color":"","background-image":"","background-repeat":"repeat","background-position":"center center","background-size":"auto","background-attachment":"scroll","background-type":"","background-media":"","overlay-type":"","overlay-color":"","overlay-opacity":"","overlay-gradient":""},"mobile":{"background-color":"","background-image":"","background-repeat":"repeat","background-position":"center center","background-size":"auto","background-attachment":"scroll","background-type":"","background-media":"","overlay-type":"","overlay-color":"","overlay-opacity":"","overlay-gradient":""}},"ast-content-background-meta":{"desktop":{"background-color":"var(--ast-global-color-5)","background-image":"","background-repeat":"repeat","background-position":"center center","background-size":"auto","background-attachment":"scroll","background-type":"","background-media":"","overlay-type":"","overlay-color":"","overlay-opacity":"","overlay-gradient":""},"tablet":{"background-color":"var(--ast-global-color-5)","background-image":"","background-repeat":"repeat","background-position":"center center","background-size":"auto","background-attachment":"scroll","background-type":"","background-media":"","overlay-type":"","overlay-color":"","overlay-opacity":"","overlay-gradient":""},"mobile":{"background-color":"var(--ast-global-color-5)","background-image":"","background-repeat":"repeat","background-position":"center center","background-size":"auto","background-attachment":"scroll","background-type":"","background-media":"","overlay-type":"","overlay-color":"","overlay-opacity":"","overlay-gradient":""}},"footnotes":""},"categories":[20],"tags":[311],"class_list":["post-993","page","type-page","status-publish","hentry","category-about-vut","tag-partnerships"],"aioseo_notices":[],"_links":{"self":[{"href":"https:\/\/vut.ac.za\/nso\/wp-json\/wp\/v2\/pages\/993","targetHints":{"allow":["GET"]}}],"collection":[{"href":"https:\/\/vut.ac.za\/nso\/wp-json\/wp\/v2\/pages"}],"about":[{"href":"https:\/\/vut.ac.za\/nso\/wp-json\/wp\/v2\/types\/page"}],"author":[{"embeddable":true,"href":"https:\/\/vut.ac.za\/nso\/wp-json\/wp\/v2\/users\/5"}],"replies":[{"embeddable":true,"href":"https:\/\/vut.ac.za\/nso\/wp-json\/wp\/v2\/comments?post=993"}],"version-history":[{"count":2,"href":"https:\/\/vut.ac.za\/nso\/wp-json\/wp\/v2\/pages\/993\/revisions"}],"predecessor-version":[{"id":22222,"href":"https:\/\/vut.ac.za\/nso\/wp-json\/wp\/v2\/pages\/993\/revisions\/22222"}],"wp:attachment":[{"href":"https:\/\/vut.ac.za\/nso\/wp-json\/wp\/v2\/media?parent=993"}],"wp:term":[{"taxonomy":"category","embeddable":true,"href":"https:\/\/vut.ac.za\/nso\/wp-json\/wp\/v2\/categories?post=993"},{"taxonomy":"post_tag","embeddable":true,"href":"https:\/\/vut.ac.za\/nso\/wp-json\/wp\/v2\/tags?post=993"}],"curies":[{"name":"wp","href":"https:\/\/api.w.org\/{rel}","templated":true}]}}